 the prime factors of n.
3, 7, 59
Let m(t) = -t**3 + 12*t**2 + 21*t + 8. Let g be m(13). Suppose -5*a - 217 = 163. Let c = g + a. List the prime factors of c.
2, 3
Let i = -3 + -1. Let p be (-1)/(-2)*i/(-1). List the prime factors of 1*6*p/3.
2
Let a(k) = 59*k - 15. What are the prime factors of a(12)?
3, 7, 11
Suppose 3*s = 2*f + 4, -3*f - 6 = -4*s + s. Suppose s*d - 75 = -5*d. List the prime factors of d + 3 + -1 - -2.
19
Suppose -89 = 5*k + h, -2*k + h + 3*h - 40 = 0. Let l = k + 13. Let j = 23 + l. List the prime factors of j.
2, 3
Suppose -2*v + 74 = -4*r, 5*v - 5*r - 190 = -25. Let l be ((-35)/84*4)/((-10)/36). Let m = v - l. List the prime factors of m.
23
Suppose a - 20 = -4*a, -3*n = -a + 16. What are the prime factors of n/(-6) + 0 + (-934)/(-3)?
2, 3, 13
Let v be 136/20 + (-4)/5. Let g = 10 - v. Suppose -3*h + 13 = -5*f, -g*h - f = -h - 19. List the prime factors of h.
2, 3
Suppose -49*l + 90792 = -13*l. List the prime factors of l.
2, 13, 97
Suppose -242*i + 249*i - 3255 = 0. What are the prime factors of i?
3, 5, 31
Suppose -6*y - 828 = -15*y. Suppose -4*q + y + 63 = 3*r, 3*r - q - 175 = 0. What are the prime factors of r?
3, 19
Let d be ((8*15)/5)/(3 + -1). Suppose -d*k = -23*k + 209. List the prime factors of k.
19
Let v(h) = h**2 + 9*h + 2. Suppose 78 = 12*k + 6. List the prime factors of v(k).
2, 23
Suppose 237*y = 233*y + 3044. What are the prime factors of y?
761
Suppose -4*m - 2 = -2*h, 29 = -3*m - 3*h - h. What are the prime factors of 73 - (0 - 4 - m)?
2, 37
Let h(c) = -298*c - 54. What are the prime factors of h(-7)?
2, 127
Let f = 3205 - 868. List the prime factors of f.
3, 19, 41
Suppose 3*o + 5*c - 40 = 0, 5*c + 5 + 15 = 0. Suppose q - o = -4*q. Suppose 2*x + 0*x - 55 = -5*m, -x - q*m + 26 = 0. List the prime factors of x.
2, 3, 5
Let y = 72 + -15. Suppose -2519*i = -2526*i + 889. Let h = i - y. List the prime factors of h.
2, 5, 7
Let s(c) = -c**3 - 27*c**2 - 35*c + 163. What are the prime factors of s(-31)?
2, 19, 67
Let n(y) = -4*y - 3. Let m be n(-2). Suppose 4*f + 2*o = -0*f + 24, -f + m*o = 5. Let j = f + 0. List the prime factors of j.
5
Suppose 0 = 5*y + 23*q - 25*q - 5123, -2*q + 4084 = 4*y. List the prime factors of y.
3, 11, 31
Suppose 8*a - 8556 = -4*x + 12*a, -10696 = -5*x + 4*a. What are the prime factors of x?
2, 5, 107
Let r be ((-4)/12)/(1/(-6)). Suppose 0 = 2*v - 2*a - 12, -5*v - 15 = -r*a + 6*a. What are the prime factors of v/(76/36 - 2)?
3
Let n = -797 - -1136. What are the prime factors of n?
3, 113
What are the prime factors of (-2830)/(-4)*(-172)/(-215)?
2, 283
Let r = -3657 - -5550. List the prime factors of r.
3, 631
Suppose -2*f = -31 - 35. Let r(j) = -j**3 + 4*j**2 + 3*j - 7. Let q be r(5). Let a = q + f. List the prime factors of a.
2
Let x(i) = -i**3 - 9*i**2 + i + 11. Let p be x(-9). Let t(g) = -1 - p - 2*g + 2*g + g. List the prime factors of t(9).
2, 3
Let t = 10 - 9. Let x be -2 + t + (-3)/(-3). Suppose x*p - 5*p - 5*j = -105, p = -5*j + 29. What are the prime factors of p?
19
Let v(s) = -s**2 - 17*s + 1. Let y(f) = 3*f**2 + 36*f - 1. Let w(k) = -5*v(k) - 2*y(k). Suppose -3*u = -u - 18. List the prime factors of w(u).
3, 11
Suppose 5*i - 986 = -4*s, 5*i - 214 = 5*s + 781. What are the prime factors of i?
2, 3, 11
Let k = -33 + 58. Let c = 25 - k. List the prime factors of 3 + c/2 + 46.
7
What are the prime factors of 104/(-182) - ((-8366)/14 - -3)?
2, 3, 11
Suppose 8*f = 11*f + 24. Let h(a) = -a**3 - 8*a**2 - 6*a - 7. List the prime factors of h(f).
41
Let t be 1 + (0 + 0 - 2). Let m(s) be the third derivative of 7*s**5/20 + s**4/24 + s**3/6 + 30*s**2. List the prime factors of m(t).
3, 7
Suppose 0 = 2*v - 3*v - 2. Let h(i) = -7*i**3 - 3*i**2 + 1. Let f be h(v). Suppose -3*u = -5*a - f, -2*u + 2*a + 26 = -0. What are the prime factors of u?
2, 5
Let x be (-10)/5 - 24/(-6). Suppose -x*w + 256 = -0*p + 3*p, -5*w + 3*p = -598. What are the prime factors of w?
2, 61
Suppose -f = -3*j + 7 + 17, j - 8 = -5*f. Suppose -j = 3*q - 20. Let y(t) = 4*t - 4. What are the prime factors of y(q)?
2, 3
Let m(z) = -3*z + 5. Let c = -36 + 68. Suppose c - 8 = -4*d. What are the prime factors of m(d)?
23
Let d(f) = 6*f**2 + 9*f + 182. List the prime factors of d(-9).
587
Let t = 25 + 79. What are the prime factors of t?
2, 13
Let b = -499 + 1165. Let f = b + -450. List the prime factors of f.
2, 3
Let g = 858 + -26. What are the prime factors of g?
2, 13
Let w(n) = -203*n + 418. What are the prime factors of w(-13)?
3, 1019
Let q be ((-26)/(-8))/(3/(-12)). Suppose -5*k = -23 + 113. Let i = q - k. List the prime factors of i.
5
Let o(u) = u**3 + 8*u**2 - 12*u - 1. What are the prime factors of o(9)?
2, 317
Let u = -95 + 58. Let f(b) = b**3 + 4*b**2 + b + 4. Let s be f(-5). Let p = s - u. What are the prime factors of p?
11
Let m(t) = t**2 + 5*t. Let o be m(-3). Let k = 597 - 579. What are the prime factors of k/(o/2 + 4)?
2, 3
Suppose -118*d + 258 = -116*d. Suppose d = q + 3*l, -q = 2*q - 5*l - 387. What are the prime factors of q?
3, 43
Let v(u) = 2539*u**3 + 2*u**2 - 6*u + 5. What are the prime factors of v(1)?
2, 5, 127
Let b be (-152)/(-32)*1*4. Let n = -25 + b. What are the prime factors of 6 - 4 - n/3?
2
Let c be 12/(-42) + 52/(-14) - -119. Let a = c + -74. What are the prime factors of a?
41
Suppose 0 = -3*a - 2*c + 1969, 0 = -5*a - 6*c + 4*c + 3279. List the prime factors of a.
5, 131
Let g be 1/((-1)/3)*18/(-2). Let u(h) = h + 9. Let o be u(-5). Suppose d + 30 = 4*c - g, 4*d = -o*c + 32. List the prime factors of c.
13
Let b(c) = -4*c**3 - 3*c**2 + 2. Let u be b(-2). Let h = u - 55. Let i = 35 + h. What are the prime factors of i?
2
Let n(l) = -7*l + 3. Let i(b) = -b. Let g(s) = 2*i(s) + n(s). Let f(a) = -28*a + 8. Let w(j) = -4*f(j) + 11*g(j). List the prime factors of w(1).
2, 7
Suppose 0 = 2*p - 2 - 6. Let u = 117 - -47. Suppose -u = -4*n - p*j, -5*n + j - 35 = -234. List the prime factors of n.
2, 5
Suppose 0 = -4*j + w + 7, 2*w - 3*w + 5 = 0. Suppose -r = q - 5*r - 139, -j*r - 6 = 0. What are the prime factors of q?
131
Let f be ((-9)/7 - -1) + 2112/(-56). Let n = f - -50. What are the prime factors of n?
2, 3
What are the prime factors of 837 + (-15)/(-7 + 4)?
2, 421
Let z(k) = -k**2 - 16*k + 22. Let q be z(-17). Suppose -4*a - 32 = -p - 2*a, -q*p - a = -127. What are the prime factors of p?
2, 13
Suppose -r - 20 = -w, 30 = 3*w - 2*r + 5*r. Let l be 2/(2 + -4) + w. Let n(j) = -j**2 + 15*j + 18. What are the prime factors of n(l)?
2
Let j(h) = 19*h + 32. List the prime factors of j(8).
2, 23
Let y = 8 - 4. Suppose -30 = -y*o + d, -3 = -2*d - 7. Suppose 3*l - 2*s - 50 = -o*s, -3*s - 42 = -3*l. List the prime factors of l.
3, 5
Suppose -2*b = 88 - 260. What are the prime factors of b + (-8)/(0 + 2)?
2, 41
Let j(s) = -11*s + 3. Let y(t) = -10*t + 3. Let h(v) = 5*j(v) - 4*y(v). List the prime factors of h(-10).
3, 17
Let s(c) = 6*c - 1. Let p be s(15). Let x = p - 60. List the prime factors of x.
29
Let n be (-3)/(3/31) - (-6 - -3). Let f = 44 + n. List the prime factors of f.
2
Let t = -1778 - -3308. List the prime factors of (8/(-6))/((-17)/t).
2, 3, 5
Let f = -8175 - -14734. What are the prime factors of f?
7, 937
Let l be (-5)/(5/3) - (2 - 23). Let p(q) = q**3 - 17*q**2 - 13*q + 41. What are the prime factors of p(l)?
131
Let d = -37 + 39. What are the prime factors of ((-23)/d)/(4/(-8))?
23
Let n = -70 + 72. List the prime factors of (-197)/(-12)*n - (-3)/18.
3, 11
Suppose -3*s = -5*o + 508 + 26, 0 = -o - 2*s + 99. Suppose -i - o = -2*i. What are the prime factors of i?
3, 5, 7
Suppose 10*i = 15*i. Suppose 0 = w - i*w - 14. List the prime factors of ((-36)/21)/((-4)/w).
2, 3
Let j(h) = h**3 - 7*h**2 - 7*h + 8. Suppose -28 = -0*v - 3*v - 4*u, -4*u = 4*v - 36. Let r be j(v). Suppose t - 30 = r. What are the prime factors of t?
2, 23
Let q(p) = 28*p + 26. Let t be q(-3). Let z = t - -197. List the prime factors of z.
139
Suppose 4 = -3*b + 13. Let o be 216/10 + 4/10. Suppose -l + b*l - o = 0. What are the prime factors of l?
11
Let m(y) = y**3 + 7*y**2 + 2. Let j be m(-7). Suppose -a + 319 = j*w, -2*a = 5*w + a - 800. What are the prime factors of w?
157
Suppose -53*a + 6 = -50*a. Suppose -139 = -0*z - z - 3*b, -5*z + a*b = -695. What are the prime factors of z?
139
Let g be (-128)/12*(111